7*n - 7*n**2. Calculate h(-6).
2
Let j(g) = 15*g**2 + 478*g + 644 - 480*g - 643. Suppose 0 = 3*l + l - 3*d - 1, l + d - 2 = 0. Give j(l).
14
Let t(v) = -v**3 - 3*v**2 - 2*v + 4. Let m be t(-3). Suppose -5*p + m = 0, -3*h - 5*p - 18 + 4 = 0. Let k(y) = -y - 10. Calculate k(h).
-2
Let n(l) = -10*l - 1. Let j(y) = -y**3 + 2*y**2 + 5*y + 7. Let v be j(4). Let s(r) = 9*r + 1. Let i(p) = v*s(p) - 4*n(p). Calculate i(-2).
9
Let w(u) = 23 - 21 + 13*u**3 - 14*u**3. Give w(-2).
10
Let x(y) = 11*y - 27. Let o be x(3). Let l(w) = -162 - w**3 + o*w**2 + 0*w - 4*w + 165. Determine l(5).
8
Let m(p) = p + 1. Suppose -41 = -5*r + 34. Suppose -44*u + 49*u - 4*y = 4, 5*u + y = 24. Suppose -r = u*i - i. Calculate m(i).
-4
Let p be 2/(-4) + 228/(-152). Let z(k) = 3*k**2 + 0*k**2 + 2*k - 2*k**2 + 2. Determine z(p).
2
Let m(q) be the third derivative of -q**8/6720 - q**7/2520 + q**5/120 - q**4/3 - 9*q**2. Let k(z) be the second derivative of m(z). What is k(1)?
-1
Let u = 297 - 294. Let n(a) = -a**3 + 3*a**2 + 5*a - 4. What is n(u)?
11
Let p(w) = -w + 10. Let x(l) = -l + 21. Let r be 8/(-14) - 46/(-7). Let q(d) = r*x(d) - 13*p(d). Let b be q(1). Let n(s) = s + 2. Calculate n(b).
5
Let r(w) = -w**2 + 7*w - 7. Let k be r(5). Let m(q) = q**3 - 210 + 206 + 0*q**3 - k*q**2. What is m(3)?
-4
Let l(c) = c**2 - 7*c + 2. Suppose 3*r = 4*z + 27, -5*r + 5*z + 6 = -34. Calculate l(r).
-8
Let c = 9 - 15. Let o(i) = -9*i + 14. Let s(k) = 5*k - 7. Let y(z) = c*o(z) - 11*s(z). Let q = -396 + 388. Give y(q).
1
Let m(t) be the third derivative of -11*t**4/24 - 72*t**2. Calculate m(-1).
11
Let g(m) be the first derivative of -m**3/3 + 3*m**2 + 4*m + 134. Give g(6).
4
Let p be (0 - 0)/(3*(-4)/(-12)). Let v(r) be the first derivative of p*r**3 + 5/4*r**4 + 0*r**2 - 7 + r. Determine v(1).
6
Let q(i) = i**2 + 2*i + 1. Suppose k + 26 = -4*f, 0 = -2*k + f - 29 - 32. Let m = -25 - k. Suppose -5*h + m = 25. Calculate q(h).
9
Let m(q) = -20*q**2 - 15*q - 30. Let w(r) = -7*r**2 - 5*r - 10. Let g(c) = 6*m(c) - 17*w(c). Calculate g(-4).
-6
Let v(s) be the second derivative of -2/3*s**3 + 0 + 5*s + 0*s**2. Let j = 137 + -138. Determine v(j).
4
Let d(y) = -y**3 + 5*y**2 + 8*y - 4. Suppose 5*g - 7*j - 22 = -5*j, 3*j = g + 6. Calculate d(g).
8
Suppose 3*c = 2*u - 16, -3*u + 2*c = -0*u - 29. Suppose 7 = -u*r - 4. Let q(v) = 18*v + 1. What is q(r)?
-17
Let g(n) be the second derivative of -n**4/6 - 22*n**3/3 + 23*n**2 + 633*n. Give g(-23).
0
Let k be 1 - 0 - (0 + -4 - -5). Suppose 0 = -2*g + 4*q + 6, -g = -k*q - q - 4. Let c(a) = -a**3 + 5*a**2 + 4*a - 2. Give c(g).
18
Suppose p - 5*p = -8. Suppose p = z - 3. Let i(d) = 6*d - 3624*d**2 + 1 - 7 + 3623*d**2. Determine i(z).
-1
Let o(p) be the third derivative of -2*p**5/5 - 13*p**4/24 - 3*p**3/2 + 20*p**2. Let i(t) = -6*t**2 - 3*t - 2. Let m(z) = -9*i(z) + 2*o(z). What is m(1)?
7
Let q(y) = -22*y**2 + 2*y - 1 + 27*y**2 - 4 - 1 - y**3. Let m be 10*5/(-1 - -11). Give q(m).
4
Let m(d) = 3*d - 1. Let l(y) = y**3 + 6*y**2 - 8*y - 3. Let t be l(-7). Suppose 0 = t*p - 8*p - 4. Let z(k) = -4*k**3 + k**2 - 1. Let x be z(p). Give m(x).
11
Let m = 15 - 5. Let u(y) = y**2 - 8*y - 5 + m + 0*y. Let a be 4/6*(-108)/(-12). What is u(a)?
-7
Let p(l) = -5935*l - 2 + 5942*l - 3. Calculate p(7).
44
Let z(i) = -i - 3. Let r(s) = -s**3 - 8*s**2 + s + 8. Let x be r(-8). Suppose x = -2*j - 12 + 4. Give z(j).
1
Let h(l) be the second derivative of -l**5/120 - l**4/24 - l**3/2 - 46*l. Let c(a) be the second derivative of h(a). Determine c(3).
-4
Suppose 0 = 6*n - 3*n - 15. Suppose b + z + 4 = 0, 2*b - n*z + 2*z = -18. Let g(m) = -m**3 - 5*m**2 + 5*m - 8. What is g(b)?
-2
Let a(x) = -3*x + 0*x + x + x**2 + 1. Suppose -17*n = -21*n + 4. Determine a(n).
0
Let a be (-124)/6 + 2/(-6). Let x be (-2)/7 - 69/a. Let l(y) = -2*y**2 + y + 14. Let g(f) = -4*f**2 + f + 33. Let o(s) = 2*g(s) - 5*l(s). Give o(x).
5
Let u = 141 - 137. Let a(i) = -2*i**2 + 2*i. Give a(u).
-24
Let d(f) = -3*f**3 + 20*f**2 - 29*f - 15. Let w(g) = 5*g**3 - 30*g**2 + 44*g + 22. Let k(b) = 8*d(b) + 5*w(b). Let j be ((-2)/4)/(136/2992). Calculate k(j).
1
Let l(x) = -12*x - 1. Let s be l(-1). Let d = -15 + s. Let b(j) = 2*j**2 + 5*j - 4. Calculate b(d).
8
Suppose -4*c - 6 = -2*c. Let m(g) = -31*g + 9 - 5 + 35*g. What is m(c)?
-8
Suppose 2 = -2*o - 2. Let s be ((-7)/(-4))/(0 - o/(-8)). Let p(r) = r - 3. Determine p(s).
-10
Let p(c) = c**3 + 5*c**2 + 7*c + 5. Suppose -75 = 2*h - 75. Let g be h/8*(-2)/4 - 4. Calculate p(g).
-7
Let x = -145 + 200. Let o be x/15 + 3 + 24/(-9). Let r(g) = g**3 - 5*g**2 + 4*g + 3. Give r(o).
3
Let f(s) = -21*s**2 - 4*s + 20. Let z(t) = 11*t**2 + 2*t - 9. Let i(k) = -4*f(k) - 9*z(k). Calculate i(-1).
-12
Let i(c) = 3 + 0 + c**3 - 4*c**2 - 5*c + 0*c**3. Suppose 0 = -22*u + 20 + 90. Determine i(u).
3
Let b = -94 + 78. Let a(y) = y**3 + 14*y**2 - 31*y + 11. Let h be a(b). Let s(g) = -5 - 6*g - g**3 - 6*g**2 + 2 + 1. Calculate s(h).
3
Let a(p) = p**3 - 5*p**2 + 2*p - 7. Let o(h) = h - 1. Suppose 6*l = 3*l - 3. Let q(b) = l*o(b) + a(b). Let s(k) = -2*k + 1. Let i be s(-2). Calculate q(i).
-1
Suppose 0*a - 3*a = -15. Suppose p - 1 = a. Let r(c) = -c**3 + 5*c**2 + 4*c + 8. Give r(p).
-4
Let j = -109 + 21. Let r be (-2)/(-3) + j/24. Let p(b) be the first derivative of -b**3/3 - b**2/2 - 4*b - 3. Determine p(r).
-10
Let x be 2914/376 + (-2)/(-8). Let h(q) = -4*q + 35. What is h(x)?
3
Let j(f) = 10*f**3 - 21*f**2 - 28*f - 47. Let q(a) = 7*a**3 - 14*a**2 - 19*a - 32. Let i(u) = -5*j(u) + 7*q(u). Determine i(8).
3
Suppose -9*i + 99 = -0*i. Let v(a) = a**3 - 9*a**2 - 24*a + 17. Calculate v(i).
-5
Let j(k) = -15*k**2 + 4*k - 5. Let u(y) = -3*y + 8. Let c be u(4). Let f(p) = 15*p**2 - 3*p + 4. Let t(l) = c*f(l) - 3*j(l). What is t(-1)?
-16
Suppose -2*p - 4*p + 24 = 0. Suppose 0 = 6*r - p*r + 10. Let m(n) be the second derivative of n**5/20 + 5*n**4/12 + n**3/3 + 7*n**2/2 + 3*n. What is m(r)?
-3
Suppose 0 = -6*r + r - 15. Let y(f) be the first derivative of f**3 - 1/2*f**2 + 7 - 4*f + 1/4*f**4. Calculate y(r).
-1
Let w(k) = -k**3 - k**2 + 2*k. Let o(b) = -b**3 - b**2 - b + 2. Let u be o(-3). Suppose -3*t + 21 = -3*s, 3*t - 5*t + u = -5*s. Determine w(s).
12
Let c(n) = -n - 1. Let f be (12/8)/(27/(-54)). Let i(k) = -4*k - 4. Let b be (-4)/14 - (-9)/7. Let g(d) = b*i(d) + f*c(d). Determine g(-5).
4
Suppose -c - 10 = -r, 6*c - 4*c = -3*r - 25. Let z be (-2)/c - 20/(-11). Let s(d) = 0*d - 4*d + 4*d**2 + 3*d - d**z. What is s(2)?
10
Let y be -3 + 10 - (7 + (-12)/3). Let q(l) = -10*l + 14*l + 6 - y. What is q(-3)?
-10
Let d(h) be the second derivative of 13*h**5/20 - h**4/6 + h**2/2 + 128*h. Suppose 5 = -2*i + 3. Give d(i).
-14
Let g(h) be the first derivative of -h**4/4 + 4*h**3/3 + 3*h**2/2 + 5*h - 117. Give g(5).
-5
Let j(f) = 24*f - 2. Let p be j(1). Let s be (-4)/p - 422/(-22). Let b = s - 14. Let v(q) = q**2 - 7*q + 7. What is v(b)?
-3
Let f(m) = -3*m**3 + 1. Let w = 1254 + -1252. Determine f(w).
-23
Let u(x) be the first derivative of 1/360*x**6 + 1/8*x**4 + 0*x + 3 - 2/3*x**3 - 1/60*x**5 + 0*x**2. Let g(i) be the third derivative of u(i). Calculate g(3).
6
Let p = 16 + -11. Suppose -3 = -2*s - p*f, 0 = 2*s - 6*s + 5*f - 39. Let u(k) be the second derivative of k**4/12 + k**3 + 5*k**2/2 - 15*k. Determine u(s).
5
Let m(l) = -10 + 16*l + 14*l - 27*l. What is m(8)?
14
Let u(l) = -3*l**2 + 2*l + 3. Suppose 0 = 2*v - 0 - 2. Suppose r + 4*b = -7, 2*r + 1 = -2*b - v. Let j be 4/(-6)*3/r. Determine u(j).
-13
Let q be (-14)/(-4)*24/14. Let o(h) = h**3 - 5*h**2 - 4*h - 8. Let k be o(q). Suppose 2*y + k*j = -0*j + 6, j = 1. Let w(g) = 3*g**3 + g**2 - 1. Determine w(y).
3
Let c(t) be the second derivative of -t**4/12 - 6*t**2 + t. Let x = -3160 - -3160. What is c(x)?
-12
Let z(w) be the second derivative of w**5/60 - 7*w**4/24 - w**3/3 - 21*w**2/2 - 26*w. Let g(l) be the first derivative of z(l). Determine g(6).
-8
Let l(w) = -3*w + 1. Let q(b) = 16*b - 18. Let r(o) = -5*l(o) - q(o). Calculate r(12).
1
Let u(f) = f**3 + 5*f**2 - 5. Suppose -3*i - 24 = -9. Let v be u(i). Let w(r) = -r**3 - 5*r**2 + 2*r - 2. Give w(v).
-12
Let v(g) = 13*g. Let h(y) = -y**3 - 19*y**2 - 20*y - 37. Let c be h(-18). Give v(c).
-13
Let k(q) be the first derivative of -2*q**2 + q - 45. Suppose -7 = -3*n - 1. Give k(n).
-7
Let r = -10 + 19. 